t o(d) be the third derivative of 0*d**4 + 0 - 1/6*d**3 + 0*d**5 + 17*d**2 + 1/24*d**6 + 0*d. Determine o(1).
4
Let u(i) = i + 1. Let w(x) = -2*x - 2. Let a(k) = -7*u(k) - 4*w(k). Suppose 5*r = 2*v + 13, -2*v = 3*r - 14 - 13. Suppose 4*d - v = -2. What is a(d)?
2
Let q(j) = -1 - 15*j - 24*j + 40*j. Let i(c) = -c + 2*c**2 - 4*c**2 + c**3 - 3*c. Let o be i(3). Determine q(o).
-4
Let u(k) = k**2 - 9*k + 8. Let d be u(8). Let s(z) = d*z + z + 18 - 9. Let f(r) = r**3 - 6*r**2 + 4*r - 1. Let q be f(5). Calculate s(q).
3
Let r(w) = w. Let g(o) be the first derivative of -2*o**2 + 10. Let a(l) = l + 3. Let s be a(-4). Let n(v) = s*g(v) - 3*r(v). Calculate n(-1).
-1
Let q be (9 + 416/(-48))/(2/78). Let y(v) = -3*v + 30. Calculate y(q).
-9
Let l(j) = j**2 + 9*j + 7. Suppose 192 = -8*v + 120. Calculate l(v).
7
Let w(p) = p**3 - 5*p**2 + 4*p - 7. Let q(z) = -1 + 80*z + 3*z**3 - 2*z**3 - 81*z + 6*z**2. Let b be q(-6). What is w(b)?
13
Suppose 223 + 167 = -78*w. Let b(p) = -p**2 - 6*p + 6. What is b(w)?
11
Let b(s) = 1. Let o(u) = -u. Let g(k) = b(k) + 5*o(k). Let a(c) = c - 6. Let w(h) = -h**2 - 7*h + 7. Let x be w(-7). Let q be a(x). Determine g(q).
-4
Let j(b) = -2*b**2 - 3*b + 18. Let y(u) = -3*u**2 - 5*u + 27. Let m(d) = -8*j(d) + 5*y(d). Calculate m(4).
3
Let u be ((-22)/(-5))/(2/(-10)). Let c be 26/(-143) - 70/u. Let l(y) = 0*y - 5*y - 6 + y**c + 0*y + 1 + 3*y**2. Determine l(-4).
-1
Let v(w) = -w**3 + 19*w**2 + 41*w + 15. Let s be v(21). Let r(d) = -d**3 - 5*d**2 + 6*d + 9. What is r(s)?
9
Let z(w) = -w + 3. Suppose 6*g = 16 + 8. Determine z(g).
-1
Let j(z) = -3*z**2 - 3*z. Let f(t) = 2*t**2 - 6*t + 2. Let n = 8 + -5. Let y be f(n). Suppose -y*h + 11 = 3*w, 8*w - 15 = -5*h + 3*w. Calculate j(h).
-6
Let h(s) = -2*s - 23. Let g be h(-15). Let f(r) = 3*r - 7. What is f(g)?
14
Let c(q) be the third derivative of 0*q + q**2 + 1/24*q**4 - 1/60*q**5 + 1/2*q**3 + 0. Let k be 0 - (0 - 0)*-1. Determine c(k).
3
Let w be 215/15 + (-3)/9. Let v(u) = -20 + w + u**3 + 9 - 5*u - 3*u**2. Give v(4).
-1
Suppose -23 = 14*w + 33. Let i = 7 - 2. Let s(v) = -4 + 0*v + i*v**3 + 4*v**2 + v**3 - 5*v**3 + v. Determine s(w).
-8
Let g(u) = -u**3 + 4*u**2 + u + 4. Let l = -372 - -393. Let i be -3*(-1 + (-40)/(-6)). Let m = i + l. Calculate g(m).
8
Suppose 20*x - 19*x = 0. Suppose -3 = -3*i + 2*o, -2*i + 2 = -x*i - o. Let q(h) = -3*h**2 - h. What is q(i)?
-4
Let h(w) be the third derivative of w**5/120 - w**4/4 + w**3/3 - 2*w**2. Let f(q) be the first derivative of h(q). Let d be 9 + (-2 - (-1 + 3)). Calculate f(d).
-1
Let c(i) = 23*i**3 - 3*i**2 + 2*i + 2. Let h = -5 + 8. Let t(l) = -2 + 3 + l - l**2 + 21*l**h - 10*l**3. Let b(r) = -2*c(r) + 5*t(r). What is b(-1)?
-8
Suppose -4*d + 7 = 5*q, -q - 2 = q + 4*d. Let w(v) = 111 - q*v + 119 - 226 - v**2. What is w(-5)?
-6
Let i(l) be the third derivative of l**4/8 + 4*l**3/3 - 175*l**2. Calculate i(-4).
-4
Let m be -3*(-25)/15 - 2. Let v(u) = 0*u**3 - 2 + m*u + 2*u**2 + 2*u**3 - 2*u - 5*u**3. Give v(2).
-16
Let f(i) = i**2 + 3*i + 1. Let g be f(-5). Let u(r) = -17*r - 15. Let v be u(3). Let a be 342/v - (-2)/g. Let w(o) = o**3 + 5*o**2 + 1. Calculate w(a).
1
Let o(n) = 2743 - 2745 + 6*n - 4*n. Calculate o(-8).
-18
Let q(y) = 5*y**3 - y - 1. Suppose 5*m + 25 = 35. Suppose -m*c = -3*c - 1. Determine q(c).
-5
Let i be (2 - 2)*((-14)/(-6) + -2). Let l(r) = -13*r**3 - 13*r**2 + 5*r + 19. Let z(d) = -3*d**3 - 3*d**2 + d + 5. Let q(h) = 2*l(h) - 9*z(h). What is q(i)?
-7
Let b(w) = -576 + 576 - 5*w. Give b(5).
-25
Let w(z) be the second derivative of -z**4/12 - z**3 - 4*z**2 - 10*z + 1. Determine w(-6).
-8
Let b(c) = -2*c + 4. Let i(f) = 2*f - 4. Let k(z) = 2*b(z) + 3*i(z). Suppose 2*o - 9 = 5*o - u, -4*o = 3*u + 25. Give k(o).
-12
Let c be (-20)/(-150) + (258/90 - 5). Let l(b) = -5*b**2 - b. What is l(c)?
-18
Let a(z) = -z**2 + 3*z + 11. Let g be a(5). Let r be 1/((-4)/3 + g). Let f(k) = -3*k**2 - 2*k + 4. What is f(r)?
-17
Let g be 24/(-84) + 46/14. Suppose g*l = 4*l + 3*q + 7, -4*q = -4*l + 4. Let s(u) = 4*u - 1. What is s(l)?
-5
Let r(k) be the second derivative of -k**5/20 - k**4 - k**3/6 - 11*k**2/2 + 5*k - 8. Give r(-12).
1
Let p = -2 + 2. Suppose -2*y + p = -8. Let s(a) = -6*a + 4*a + 0 + 2. Calculate s(y).
-6
Let b(y) = -y**2 + y - 7. Let h(o) = -4*o**2 + 17. Let x(z) = 2*b(z) + h(z). What is x(-2)?
-25
Let v(a) = 4*a**2 + 4*a**2 + 3*a - 10*a - 2*a - 4 - 7*a**2. Calculate v(9).
-4
Let d(z) = -z**2 - 6*z + 11. Suppose 0 = 3*f + 38 - 134. Suppose h = 5*h + f. Give d(h).
-5
Let r(i) = -i**2 - 9*i + 3. Let s be r(-9). Let z(d) = -3 - 2 + 6 + 0 - 2*d**s. What is z(-2)?
17
Let a(s) be the third derivative of s**5/120 + 7*s**4/24 + 13*s**3/3 + 9*s**2. Let d(c) be the first derivative of a(c). Give d(5).
12
Let x(f) be the second derivative of f**4/6 + 2*f**3/3 - 5*f**2/2 + 2*f + 16. Determine x(-4).
11
Suppose -10*p + 34 = -56. Let o(y) = -6*y + 2. Determine o(p).
-52
Let p(q) be the second derivative of -q**2 + 2/3*q**4 + 0 + 0*q**3 + 1/20*q**5 + 4*q. Let l be p(-8). Let z(w) = -w**2 + 2*w + 1. What is z(l)?
-7
Let q(p) be the third derivative of p**5/60 + p**3/3 + 18*p**2 + p. Determine q(0).
2
Let n(v) = 12*v**2 - v. Let c = 2004 - 2003. Determine n(c).
11
Let w = -618 + 618. Let k(f) = f**2 - f + 2. Determine k(w).
2
Let k(f) = f - 11. Let q(o) = 2*o - 2. Let r(i) = -i**3 - 15*i**2 + 17*i + 20. Let u be r(-16). Let p be q(u). What is k(p)?
-5
Let p = 91 - 105. Let q(j) = j**2 + 15*j + 17. Determine q(p).
3
Let i(a) = 5*a**2 + a + 2. Suppose -4*p + 7 = -3*x - 13, 5*p - 2*x - 18 = 0. Give i(p).
24
Suppose 5*c - 8 = 7*c. Let u = -1 - c. Let a(f) = -4*f - 9. Let t(m) = 9*m + 19. Let h(k) = 13*a(k) + 6*t(k). What is h(u)?
3
Let l(u) = 329*u**2 - 2*u - 336*u**2 + u - 1 + u**3 + 0. Determine l(3).
-40
Suppose 8*m - 3*n = 7*m - 4, 0 = 5*m + 3*n + 2. Let k(y) be the first derivative of -1/3*y**3 + 0*y - 2 - 3/2*y**4 + 0*y**2. What is k(m)?
5
Let c(a) = a**3 - 8*a**2 - a + 2. Let z be c(8). Let u be (2/z)/((-1)/3). Let f(l) be the second derivative of l**5/20 - l**3/6 + l**2/2 - 4*l. Give f(u).
1
Let u(r) be the third derivative of -r**5/60 + r**4/4 + r**3/3 - 12*r**2. Determine u(5).
7
Let h be 5/10 - 25/2. Let d(s) be the first derivative of s**3/3 + 15*s**2/2 + 30*s - 20. Let b be d(h). Let v(q) = q**3 + 7*q**2 + 7*q + 7. Give v(b).
1
Let w = -848 - -842. Let i(b) = -b**3 - 6*b**2 - b + 1. What is i(w)?
7
Let f(d) = -3*d**2 - 6. Let u be f(-3). Let b = 28 + u. Let i(p) = 2*p - 3. What is i(b)?
-13
Suppose -5*w + 49 - 4 = 5*c, 2*w - 24 = c. Suppose -w*r - 37 = 18. Let a(z) = -z**2 - 3*z + 1. Calculate a(r).
-9
Let o(v) = -v**2 + 3*v + 7. Let y(p) = p**3 + 10*p**2 - 12*p - 6. Suppose -8*i = -5*d - 5*i - 70, -4*d - 3*i = 29. Let z be y(d). What is o(z)?
-3
Let u(y) = -y - 4. Suppose 23 = 2*k - 3*r, -3*k + 0*r = -3*r - 27. What is u(k)?
-8
Let o(k) = -k**2 + 9*k + 14. Let y be o(10). Let f(i) be the third derivative of -i**2 + 0*i + 1/24*i**y + 0*i**3 + 0. What is f(-2)?
-2
Let i(m) = -2*m - 3. Suppose -h + 0*h = -6. Suppose -3*q = -g, -5*g - 6 = -3*q + h. Determine i(g).
3
Let t be (1 - 2)/((5/(-2))/5). Let i(f) = f**3 + 0*f**2 - t*f - 306 + 304 + f + 3*f**2. Give i(-3).
1
Let f(s) be the third derivative of 7*s**4/12 - s**3/6 - 15*s**2. Give f(2).
27
Let y(x) be the second derivative of x**3/3 - x**2/2 - x - 32. Determine y(1).
1
Let x(d) = -7*d + 2. Suppose 4*n - 16 = 4*z, 3*n - 2*z = 10 - 3. Calculate x(n).
9
Let u(i) = -109*i + 433*i - 107*i - 105*i - 114*i. Suppose 0*z + 3*z = -q + 10, 0 = q - 3*z + 14. Calculate u(q).
4
Let q(i) = i**3 + 5*i**2 - 6*i - 8. Let c be -27*5/(-3)*12/30. Suppose 0 = 150*v - 153*v - c. Calculate q(v).
-8
Suppose 4*z = 3 + 5. Let o be (-1 - -3) + (-6)/z. Let h(s) = 13*s - 19*s + 12*s. What is h(o)?
-6
Suppose 2*z + 2 = -4*x - 6, -5*z + 5*x + 55 = 0. Let a(i) = -i**3 + 7*i**2 - 6*i - 10. Determine a(z).
-10
Let c(q) = q**3 - 16*q**2 + q - 19. Suppose 58 = 3*b + 2*y, -52 = -15*b + 13*b - 4*y. Calculate c(b).
-3
Let w(o) = -5*o**3 + 7*o**2 + 3*o - 3. Let z(n) = n**3 - n**2. Let a(m) = -w(m) - 4*z(m). Determine a(3).
-6
Let l(v) = -v**3 - 5*v**2 - 4*v. Let t(a) = -4*a**3 + 2*a**2 - a. Let u = 19 - 17. Suppose -4*s - u*y = -y - 5, 2 = 5*s - 3*y. Let p be t(s). What is l(p)?
-6
Let u(v) = -20*v - 6*v**2 + v**3 + 38*